me factors of m(d).
2
Suppose q + 4 - 6 = 3*y, -3*q + 6 = -4*y. Let a = y - -8. What are the prime factors of a?
2
List the prime factors of (-84)/(-9) - 4/3.
2
Suppose 0 = -0*m + 4*m - 188. What are the prime factors of m?
47
Let l be 33/7 + (-2)/(-7). Suppose 2*k - 6 = -2*y, -9 = l*k + 11. Suppose -2 = -u + y. List the prime factors of u.
3
Let z = 180 + -21. List the prime factors of z.
3, 53
Let y(m) = -60*m**3 + 2*m**2 + 2*m. List the prime factors of y(-1).
2, 3, 5
Let i = -8 - -21. Suppose 0 = -v + l + i, 5*v - 50 - 21 = -l. List the prime factors of v.
2, 7
Suppose -s = 4*s + 2*k - 224, 2*s - 101 = 3*k. List the prime factors of s.
2, 23
Let s(g) = -g**3 + 9*g**2 - 6. Let q be s(9). Let n(m) = -m**3 - 5*m**2 + 3*m - 1. List the prime factors of n(q).
17
Let f be (-2)/(1 + 5)*-9. Suppose 2 = 4*h - f*h. Suppose 15 = -5*x, h*y + x = 3*x + 24. What are the prime factors of y?
3
Let x = -38 - -54. Let a = -4 + x. What are the prime factors of a?
2, 3
Suppose 0 = -2*z - 20 + 6. List the prime factors of (z - -10) + (1 - -14).
2, 3
Suppose 0 = 4*s - 4*i - 244, 2*s - 5*s - i = -199. Let o be (-1)/(-3) - 77/(-21). Suppose s = c + o*c. List the prime factors of c.
13
Suppose 3*h - 304 = -h. What are the prime factors of 1 - 5/((-10)/h)?
3, 13
Let j(m) = 4*m - 2. Let l be j(2). Suppose 22 = -0*v + v. Let w = v - l. List the prime factors of w.
2
Let u(f) = 8*f**2 - 63*f + 14. List the prime factors of u(11).
17
Let k(g) = g**3 - 5*g**2 - 6*g - 6. Let z be k(6). Let t be -3*4/z + 12. Suppose 4*j - w - w - t = 0, 0 = 5*j - 5*w - 25. List the prime factors of j.
2
Let r = -33 + 48. What are the prime factors of r?
3, 5
Suppose -3*s = -s - 30. Let h = s + -5. List the prime factors of h.
2, 5
Let u = -3 - -5. Suppose -u*b = -2, 2*i - 27 = -2*i - 3*b. List the prime factors of 9 - i/3*-1.
11
Let h = -15 + 10. What are the prime factors of (-2)/h + 116/10?
2, 3
Suppose -3*f + f = v - 3, -5*v + 15 = 2*f. Let t be -2 + (1 + -1 - f). What are the prime factors of ((-10)/3)/(t/3)?
5
Suppose 0*m + c - 58 = -3*m, -18 = -m - c. Let n = m - 12. Let o = n - 5. What are the prime factors of o?
3
Let x(o) = -23*o - 17. What are the prime factors of x(-6)?
11
Let b(f) = f**3 - 10*f**2 + 9*f - 7. Let c(j) = -j**3 + 11*j**2 - 10*j + 6. Let i(t) = -3*b(t) - 2*c(t). What are the prime factors of i(7)?
3
Let v(m) = -m**2 + 13*m - 5. What are the prime factors of v(9)?
31
Let r = 7 + -2. Suppose 0 = g - r*h - 17, -5*h + h = -5*g + 22. What are the prime factors of 1 + -2 + g + 2?
3
Let l(g) = -g**3 - 12*g**2 - 12*g - 4. Suppose -14 - 8 = 2*b. Let p be l(b). Let z(y) = -y**2 + 9*y - 10. List the prime factors of z(p).
2
Let n be (-8 - -4)*(-50)/(-8). List the prime factors of 549/15 - 10/n.
37
Let l = 6 - 2. Suppose 0 = l*x - 8. Suppose 0 = -p + 1, x*i + p - 2*p - 17 = 0. What are the prime factors of i?
3
Let b(x) = 14*x**3 - 2*x**2 + 1. List the prime factors of b(1).
13
Suppose -3*d + 25 = -4*s + 2*d, -5*s = 4*d - 20. Let g = -5 - -10. Suppose -3*t - 4*f + 21 = -s*t, g*t = 5*f + 70. What are the prime factors of t?
11
Suppose -t = 2*t + 2*u, t - 5*u = 17. Suppose 0 = g - 3*f - 4, -2*g - 3*f = -t*f - 22. What are the prime factors of g?
2, 5
Let t be (-1 + -1)/((-2)/4). Suppose 0*f + 15 = 5*i + f, -2*i - t*f - 12 = 0. Suppose -i*s + s + 42 = 0. List the prime factors of s.
2, 7
Let h(c) be the third derivative of c**5/20 - c**4/12 + c**3/3 + 5*c**2. What are the prime factors of h(3)?
23
Let u(w) = -w**3 - w**2 - w - 1. Suppose 17 - 5 = -4*x. Let v(y) = -2*y**3 + 4*y**2 - 4*y - 8. Let z(h) = x*u(h) + v(h). What are the prime factors of z(-7)?
2
Let d(o) = o**3 - o**2 + 1. Let c be d(-1). List the prime factors of c/(2 - 1)*-9.
3
Let i be ((-2)/(-5))/((-4)/(-420)). List the prime factors of (i/(-3))/(1/(-2)).
2, 7
Suppose 9 = -3*r - 5*q, 3*r + 4*q + 3 + 6 = 0. Let u be (-4)/(-6)*r/2. What are the prime factors of (-1)/(-1)*u - -11?
2, 5
Suppose 7*b + 42 = 4*b. Let h = b - -8. What are the prime factors of (-1 - h) + (-4)/(-2)?
7
Suppose 0*x = 3*x. Let f = -6 - -13. What are the prime factors of (1 + x)*-2 + f?
5
Let h = 70 - 49. Suppose -3*z - h = -135. What are the prime factors of z?
2, 19
Let v(i) = i + 4. Let g be v(-3). Let k be 1*(-2 - -2 - g). What are the prime factors of -3*(k - (-12)/(-9))?
7
Let c(y) = 11*y + 1. Suppose 0 = -5*i + 5*u + 25, -2*i = u + 4 - 11. Let x = -3 + i. List the prime factors of c(x).
2, 3
Let h(c) = 1 - 2*c**3 - 2 + 4*c + 2*c - 4*c. Suppose 0*i = 2*i + 4. List the prime factors of h(i).
11
Let z(u) = 6*u**2 - 23*u - 15. List the prime factors of z(7).
2, 59
Let j = -30 + 15. List the prime factors of -15*(9/j + -1).
2, 3
Suppose -4*c + 155 = -473. What are the prime factors of c?
157
Let i = -22 - -49. Suppose 5 = 5*u, h - 3*h - u - 29 = 0. Let k = h + i. List the prime factors of k.
2, 3
Suppose 2*h = 4*m + 136, -m - 6 = h - 59. What are the prime factors of h?
2, 29
Let o be 2 - -1 - (1 + -3). Suppose z - o = -1. Let b = 8 - z. What are the prime factors of b?
2
List the prime factors of -8*(60/(-16))/3.
2, 5
Let b be (-1)/(2 - 12/8). List the prime factors of (-1030)/(-25) + b/10.
41
Suppose 0 = -3*u + 2*t + 230, -2*t + 85 = u - t. Suppose a = 1, 3*a = 3*b + 2*a - u. List the prime factors of b.
3
Let f = 107 - 66. List the prime factors of f.
41
Let w(m) = 9*m - 5. Let a(j) = j - 1. Let b(s) = 5*a(s) - w(s). List the prime factors of b(-5).
2, 5
Suppose r + p = 5, 2*r + 2 = 5*p + 5. List the prime factors of 23 + (-2)/r*-6.
2, 13
Let n(d) = 2*d. Let m be n(-2). Suppose 8 = 3*b - 10. Let y = b + m. What are the prime factors of y?
2
Suppose 3 = -3*p - 6. Let c = p - -2. What are the prime factors of (-1)/(24/(-21) - c)?
7
Let f(n) be the third derivative of -n**4/12 - n**3/3 - 3*n**2. Let b be f(4). List the prime factors of 4/(1/(b/(-4))).
2, 5
Let c = 12 + -7. List the prime factors of (-15)/c*4/(-3).
2
Suppose 0 = 2*o + 3*l + l - 38, -4*o = -5*l - 11. Suppose 3*v - 59 = -3*w + 4*v, 2*v = 3*w - 61. Let s = w - o. What are the prime factors of s?
2, 5
Suppose 6*f - 2*f = 24. Let z be 1*5 + 2/2. Let y = f + z. What are the prime factors of y?
2, 3
Suppose -q = 2*q - 18. Suppose 3*j - q = j. List the prime factors of j.
3
Suppose -5*s + 261 = -274. What are the prime factors of s?
107
Suppose -14 = -3*g + 2*l, -2*g - 6*l = -l + 16. What are the prime factors of 12/(-10)*-5*g?
2, 3
Let s(i) = i**2 - i. Let g be s(0). Suppose x + 3*b = -1, g = -2*x - 4*b + 4 - 2. Let v = x - -2. List the prime factors of v.
7
Let h be (-2)/10 - (-156)/30. Let n = h + -4. List the prime factors of (-20)/(-4) + -1 + n.
5
Let v = -26 - -33. Suppose p + 90 = v*p. List the prime factors of p.
3, 5
Let l be -3 + (0 - -3) - 13. Let i = -5 - l. What are the prime factors of i?
2
What are the prime factors of 8/(-52) - (-810)/26?
31
Suppose 35*a = 39*a - 208. What are the prime factors of a?
2, 13
Let i = 65 + -43. Let f = i - 8. What are the prime factors of f?
2, 7
Suppose -3*s + 77 = -5*u - 73, -4*s = u - 177. What are the prime factors of s?
3, 5
Let o(u) = u + 14. Let g = 3 - 4. Let v be -10 - 0*(g - 0). List the prime factors of o(v).
2
Let v(q) = -q**3 - 7*q**2 - 7*q + 7. Let y be v(-6). Let m = 20 - y. List the prime factors of m.
7
Let o = 59 - 24. List the prime factors of o.
5, 7
Let n(l) = -5*l - 4. Suppose -d - d + s - 12 = 0, 0 = 4*d + 4*s. Let x(h) = h - 1. Let r(t) = d*x(t) - n(t). What are the prime factors of r(6)?
2, 7
Let j be ((-4)/(-2))/(-1) - -10. Suppose -16 = -4*a + 4*d, 2*a - 4*a - 5*d + j = 0. What are the prime factors of (1*2)/(2/a)?
2
Let p(d) = d**3 - 3*d**2 - 4*d. Let q be p(4). Suppose 0 = -x - q*x - 3. List the prime factors of -2*x/(-12)*-8.
2
Suppose 0 = 4*h - 67 - 5. List the prime factors of h.
2, 3
Let l = 611 + -436. List the prime factors of l.
5, 7
Suppose 2*v = -3*c + 142, -3*c - 292 = -4*v + 10. Suppose u = 3*u + 3*k - 35, -4*u + v = 2*k. List the prime factors of u.
19
Let r(s) = -13*s**3 - s**2 - 2*s - 1. Let y be r(-1). Suppose -2*g + 2 = 4*x - 2*x, -4*g - 2*x - 4 = 0. What are the prime factors of y - (1 - (0 - g))?
3, 5
Let x(i) be the second derivative of -i**5/10 - 7*i**4/12 - 4*i**3/3 + 2*i**2 + 9*i. What are the prime factors of x(-4)?
2, 13
Suppose -13 = -2*t + 27. What are the prime factors of t?
2, 5
L